{"id":79,"date":"2019-11-27T19:04:13","date_gmt":"2019-11-27T19:04:13","guid":{"rendered":"\/cmqnuevo2020\/?page_id=79"},"modified":"2023-11-07T19:01:56","modified_gmt":"2023-11-07T19:01:56","slug":"contactanos","status":"publish","type":"page","link":"\/cmqnuevo2020\/contactanos\/","title":{"rendered":"Contactanos"},"content":{"rendered":"<p>[et_pb_section fb_built=\u00bb1&#8243; admin_label=\u00bbHeader\u00bb module_class=\u00bbddd_services_header\u00bb _builder_version=\u00bb3.22&#8243; background_image=\u00bb\/cmqnuevo2020\/wp-content\/uploads\/2019\/11\/email-marketing-trong-ky-nguyen-social-media_s3294.jpg\u00bb custom_margin=\u00bb|||\u00bb custom_padding=\u00bb54px|0px|0px|0px\u00bb custom_css_before=\u00bb content: %22%22;|| display: block;|| background-color: #000;|| position: absolute;|| top: 0;|| left: 0;|| width: 100%;|| height: 100%;|| opacity: 0.55;\u00bb fb_built=\u00bb1&#8243; _i=\u00bb0&#8243; _address=\u00bb0&#8243;][et_pb_row column_structure=\u00bb1_2,1_2&#8243; custom_padding_last_edited=\u00bbon|tablet\u00bb admin_label=\u00bbHeader\u00bb _builder_version=\u00bb3.25&#8243; background_size=\u00bbinitial\u00bb background_position=\u00bbtop_left\u00bb background_repeat=\u00bbrepeat\u00bb max_width=\u00bb1175px\u00bb min_height=\u00bb628px\u00bb custom_margin=\u00bb-34px|auto|-165px|auto||\u00bb custom_padding=\u00bb2.2%||15.25%|||\u00bb custom_padding_tablet=\u00bb9.5%||120px|\u00bb use_custom_width=\u00bbon\u00bb custom_width_px=\u00bb1175px\u00bb _i=\u00bb0&#8243; _address=\u00bb0.0&#8243;][et_pb_column type=\u00bb1_2&#8243; _builder_version=\u00bb3.25&#8243; custom_padding=\u00bb|||\u00bb _i=\u00bb0&#8243; _address=\u00bb0.0.0&#8243; custom_padding__hover=\u00bb|||\u00bb][et_pb_text admin_label=\u00bbOur Services\u00bb _builder_version=\u00bb3.27.4&#8243; text_font=\u00bbPoppins|500|||||||\u00bb text_text_color=\u00bb#ffffff\u00bb text_font_size=\u00bb60px\u00bb text_letter_spacing=\u00bb0.3px\u00bb text_line_height=\u00bb60px\u00bb background_layout=\u00bbdark\u00bb custom_margin=\u00bb|||-1px\u00bb custom_margin_tablet=\u00bb||0px|-1px\u00bb custom_margin_last_edited=\u00bbon|tablet\u00bb custom_padding=\u00bb0px|||||\u00bb text_font_size_tablet=\u00bb40&#8243; text_font_size_phone=\u00bb30&#8243; text_font_size_last_edited=\u00bbon|phone\u00bb _i=\u00bb0&#8243; _address=\u00bb0.0.0.0&#8243;]<\/p>\n<p>Cont\u00e1ctanos<\/p>\n<p><img loading=\"lazy\" src=\"\/cmqnuevo2020\/wp-content\/uploads\/2019\/11\/logo-cmq-1-300x149-1.png\" alt=\"\" class=\"wp-image-214302 aligncenter size-medium\" width=\"300\" height=\"149\" \/><\/p>\n<p>[\/et_pb_text][\/et_pb_column][et_pb_column type=\u00bb1_2&#8243; _builder_version=\u00bb3.25&#8243; custom_padding=\u00bb|||\u00bb _i=\u00bb1&#8243; _address=\u00bb0.0.1&#8243; custom_padding__hover=\u00bb|||\u00bb][\/et_pb_column][\/et_pb_row][\/et_pb_section][et_pb_section fb_built=\u00bb1&#8243; admin_label=\u00bbWhat we offer\u00bb module_class=\u00bbddd_services_offer\u00bb _builder_version=\u00bb3.22&#8243; custom_padding=\u00bb0px|0px|0px|0px\u00bb fb_built=\u00bb1&#8243; _i=\u00bb1&#8243; _address=\u00bb1&#8243;][et_pb_row column_structure=\u00bb1_4,1_4,1_4,1_4&#8243; use_custom_gutter=\u00bbon\u00bb gutter_width=\u00bb1&#8243; custom_padding_last_edited=\u00bbon|tablet\u00bb admin_label=\u00bbWhat we offer\u00bb _builder_version=\u00bb3.25&#8243; max_width=\u00bb1175px\u00bb min_height=\u00bb597px\u00bb custom_margin=\u00bb-26px|||\u00bb custom_margin_tablet=\u00bb0px|||\u00bb custom_margin_last_edited=\u00bbon|tablet\u00bb custom_padding=\u00bb0px|0px|0%|0px||\u00bb use_custom_width=\u00bbon\u00bb custom_width_px=\u00bb1175px\u00bb _i=\u00bb0&#8243; _address=\u00bb1.0&#8243;][et_pb_column type=\u00bb1_4&#8243; _builder_version=\u00bb3.25&#8243; custom_padding=\u00bb|||\u00bb _i=\u00bb0&#8243; _address=\u00bb1.0.0&#8243; custom_padding__hover=\u00bb|||\u00bb][et_pb_text admin_label=\u00bbWhat we offer\u00bb _builder_version=\u00bb3.27.4&#8243; text_font=\u00bbPoppins|500|||||||\u00bb text_text_color=\u00bb#525975&#8243; text_font_size=\u00bb24px\u00bb text_letter_spacing=\u00bb0.1px\u00bb text_line_height=\u00bb60px\u00bb custom_margin=\u00bb|||\u00bb custom_padding=\u00bb48px|||\u00bb custom_padding_tablet=\u00bb0px|||\u00bb custom_padding_last_edited=\u00bbon|tablet\u00bb _i=\u00bb0&#8243; _address=\u00bb1.0.0.0&#8243;]\u00a0[\/et_pb_text][et_pb_text admin_label=\u00bbText\u00bb _builder_version=\u00bb3.27.4&#8243; text_font=\u00bbRaleway||||\u00bb text_text_color=\u00bb#0b3264&#8243; text_font_size=\u00bb29&#8243; text_line_height=\u00bb1.2em\u00bb background_size=\u00bbinitial\u00bb background_position=\u00bbtop_left\u00bb background_repeat=\u00bbrepeat\u00bb text_orientation=\u00bbcenter\u00bb module_alignment=\u00bbcenter\u00bb min_height=\u00bb379px\u00bb custom_margin=\u00bb||-156px|||\u00bb custom_padding=\u00bb0px||201px|||\u00bb _i=\u00bb1&#8243; _address=\u00bb1.0.0.1&#8243;]<\/p>\n<h1><img loading=\"lazy\" src=\"\/cmqnuevo2020\/wp-content\/uploads\/2019\/11\/Whats-300x130.png\" width=\"273\" height=\"118\" alt=\"\" class=\"wp-image-24 alignnone size-full\" style=\"display: block; margin-left: auto; margin-right: auto;\" \/><a href=\"https:\/\/api.whatsapp.com\/send?phone=524611808683&amp;text=Quiero%20informaci%C3%B3n%20de%20un%20servicio,%20%20gracias.\">Cont\u00e1ctanos por whatsapp, s\u00f3lo dale click aqu\u00ed!<\/a><\/h1>\n<p>[\/et_pb_text][\/et_pb_column][et_pb_column _builder_version=\u00bb3.27.4&#8243; type=\u00bb1_4&#8243;][\/et_pb_column][et_pb_column _builder_version=\u00bb3.27.4&#8243; type=\u00bb1_4&#8243;][et_pb_blurb _builder_version=\u00bb3.27.4&#8243; use_icon=\u00bbon\u00bb font_icon=\u00bb%%109%%\u00bb hover_enabled=\u00bb0&#8243; min_height=\u00bb334px\u00bb custom_padding=\u00bb74px|3px|0px||false|false\u00bb inline_fonts=\u00bbABeeZee\u00bb custom_margin=\u00bb-3px|-7px|34px||false|false\u00bb content_max_width=\u00bb897px\u00bb width=\u00bb100%\u00bb max_width=\u00bb100%\u00bb height=\u00bb507px\u00bb]<\/p>\n<h4><span style=\"font-size: xx-large;\"><span style=\"color: #000000; font-family: ABeeZee; font-weight: normal;\">Correo Electr\u00f3nico:<\/span><\/span><\/h4>\n<h4><span style=\"font-family: ABeeZee; font-weight: normal; font-size: x-large; color: #0c71c3;\"><strong>informacion@cmqcelaya.com.mx<\/strong><\/span><\/h4>\n<p>[\/et_pb_blurb][\/et_pb_column][et_pb_column type=\u00bb1_4&#8243; _builder_version=\u00bb3.25&#8243; custom_padding=\u00bb|||\u00bb _i=\u00bb1&#8243; _address=\u00bb1.0.1&#8243; custom_padding__hover=\u00bb|||\u00bb][et_pb_image src=\u00bb\/cmqnuevo2020\/wp-content\/uploads\/2019\/11\/Guest-op-connected-NHS.jpg\u00bb align=\u00bbright\u00bb align_tablet=\u00bbcenter\u00bb align_last_edited=\u00bbon|desktop\u00bb admin_label=\u00bbImage 569 x 607 pixels\u00bb _builder_version=\u00bb3.23&#8243; custom_margin=\u00bb-194px|||\u00bb _i=\u00bb0&#8243; _address=\u00bb1.0.1.0&#8243;][\/et_pb_image][\/et_pb_column][\/et_pb_row][et_pb_row _builder_version=\u00bb3.27.4&#8243; custom_margin=\u00bb-146px|3px|2px|-19px|false|false\u00bb hover_enabled=\u00bb0&#8243;][et_pb_column _builder_version=\u00bb3.27.4&#8243; type=\u00bb4_4&#8243;][\/et_pb_column][\/et_pb_row][\/et_pb_section]<\/p>\n","protected":false},"excerpt":{"rendered":"<p>[et_pb_section fb_built=\u00bb1&#8243; admin_label=\u00bbHeader\u00bb module_class=\u00bbddd_services_header\u00bb _builder_version=\u00bb3.22&#8243; background_image=\u00bb\/cmqnuevo2020\/wp-content\/uploads\/2019\/11\/email-marketing-trong-ky-nguyen-social-media_s3294.jpg\u00bb custom_margin=\u00bb|||\u00bb custom_padding=\u00bb54px|0px|0px|0px\u00bb custom_css_before=\u00bb content: %22%22;|| display: block;|| background-color: #000;|| position: absolute;|| top: 0;|| left: 0;|| width: 100%;|| height: 100%;|| opacity: 0.55;\u00bb fb_built=\u00bb1&#8243; _i=\u00bb0&#8243; _address=\u00bb0&#8243;][et_pb_row column_structure=\u00bb1_2,1_2&#8243; custom_padding_last_edited=\u00bbon|tablet\u00bb admin_label=\u00bbHeader\u00bb _builder_version=\u00bb3.25&#8243; background_size=\u00bbinitial\u00bb background_position=\u00bbtop_left\u00bb background_repeat=\u00bbrepeat\u00bb max_width=\u00bb1175px\u00bb min_height=\u00bb628px\u00bb custom_margin=\u00bb-34px|auto|-165px|auto||\u00bb custom_padding=\u00bb2.2%||15.25%|||\u00bb custom_padding_tablet=\u00bb9.5%||120px|\u00bb use_custom_width=\u00bbon\u00bb custom_width_px=\u00bb1175px\u00bb _i=\u00bb0&#8243; _address=\u00bb0.0&#8243;][et_pb_column type=\u00bb1_2&#8243; _builder_version=\u00bb3.25&#8243; custom_padding=\u00bb|||\u00bb _i=\u00bb0&#8243; _address=\u00bb0.0.0&#8243; custom_padding__hover=\u00bb|||\u00bb][et_pb_text admin_label=\u00bbOur Services\u00bb _builder_version=\u00bb3.27.4&#8243; [&hellip;]<\/p>\n","protected":false},"author":1,"featured_media":0,"parent":0,"menu_order":0,"comment_status":"closed","ping_status":"closed","template":"","meta":{"_et_pb_use_builder":"on","_et_pb_old_content":""},"_links":{"self":[{"href":"\/cmqnuevo2020\/wp-json\/wp\/v2\/pages\/79"}],"collection":[{"href":"\/cmqnuevo2020\/wp-json\/wp\/v2\/pages"}],"about":[{"href":"\/cmqnuevo2020\/wp-json\/wp\/v2\/types\/page"}],"author":[{"embeddable":true,"href":"\/cmqnuevo2020\/wp-json\/wp\/v2\/users\/1"}],"replies":[{"embeddable":true,"href":"\/cmqnuevo2020\/wp-json\/wp\/v2\/comments?post=79"}],"version-history":[{"count":8,"href":"\/cmqnuevo2020\/wp-json\/wp\/v2\/pages\/79\/revisions"}],"predecessor-version":[{"id":642,"href":"\/cmqnuevo2020\/wp-json\/wp\/v2\/pages\/79\/revisions\/642"}],"wp:attachment":[{"href":"\/cmqnuevo2020\/wp-json\/wp\/v2\/media?parent=79"}],"curies":[{"name":"wp","href":"https:\/\/api.w.org\/{rel}","templated":true}]}}